se j + 18 = 7*j. Let k(s) = -5 + 2*s - 2*s**2 + 13*s**2 + s**j + 11. Give k(-11).
-16
Suppose 0 = -14*z - 426 + 636. Let x(j) = -j**2 + 15*j + 10. Give x(z).
10
Let u(k) = -3*k - 5*k**2 + 140 - 4*k + 3*k**3 - 137 - 2*k**3. Let r be u(6). Let d(h) be the first derivative of h**3/3 + h**2 + 3*h + 47. Determine d(r).
6
Let c(h) = -h**2 - h + 7. Suppose -10*t - 2242 = -2282. Give c(t).
-13
Let z = -160 - -164. Let f be (2 + (3 - 4))*-1. Let k(s) = -s - 4. Let n(c) = c. Let r(p) = f*k(p) - 2*n(p). What is r(z)?
0
Let c(k) be the third derivative of -1/6*k**3 + 1/24*k**4 + 0*k + 1/60*k**5 + 0 + 12*k**2. Suppose 3*y + 2*y - 5*w = 0, -w = 5*y - 12. What is c(y)?
5
Let l(t) = 8*t - 1. Suppose u + p = 5, 0 = -2*p + p. Let f(q) = u*q - 6*q - q + 5*q. Let d(m) = -7*f(m) + 2*l(m). Determine d(4).
-22
Let j(o) = 233157 + 23*o - 233222 - 10*o. What is j(7)?
26
Let o = 35 + -2. Suppose 42*u - o = 53*u. Let s(r) = 0*r - 4*r + r**3 + r - r**2 + 2. Calculate s(u).
-25
Let u(h) be the first derivative of 1/6*h**3 - 7 + 3/2*h**2 - 3*h. Let k(a) be the first derivative of u(a). Calculate k(-5).
-2
Suppose 157*y - 266*y - 1853 = 0. Let p(w) = -6*w - 73. What is p(y)?
29
Let n(q) be the second derivative of q**4/12 + q**3/2 - 7*q**2/2 - 5134*q. What is n(-6)?
11
Let t(z) = -2*z**2 - 17*z + 5. Let g be (2 - -2)/((-40)/80). Give t(g).
13
Let m = 290 - 88. Let z = m - 207. Let t(p) = -2*p - 3. Calculate t(z).
7
Let m(q) be the third derivative of q**4/12 + 67*q**3/6 + q**2 + 476*q. What is m(-32)?
3
Let p be (-6)/21 + (-69)/(-21). Let b(y) = 48*y + 1. Let h(f) = 19*f. Let n(t) = 4*b(t) - 10*h(t). Give n(p).
10
Let v(o) be the second derivative of 0 - 1/2*o**3 + 211*o - 5/2*o**2. Give v(8).
-29
Suppose -25*n + 23*n + 50 = 0. Let v(m) = m**3 + 1 - 12*m - 3*m + n*m - m**2 - 12*m. Suppose 2*g + g = 6. What is v(g)?
1
Let i(u) be the second derivative of u**3/3 - u**2 - 52*u - 1. Let y(v) = v**3 + 4*v**2 - 11*v + 5. Let s(j) = 6*i(j) + y(j). What is s(-5)?
-37
Let t(d) = 5 + 7 - 22718*d + 45443*d - 22718*d + 2*d**2 + d**3 - 8*d**2. Determine t(4).
8
Let n(g) be the second derivative of -g**5/20 - 11*g**4/12 - 4*g**3/3 + 9*g**2/2 - 176*g + 6. Determine n(-10).
-11
Let q(t) = -19*t + 9. Let z = -1971 + 1972. Calculate q(z).
-10
Let b(k) = 6 - 57*k + 176*k - 62*k + 15 - 60*k. Determine b(14).
-21
Let u be 0 + 5 - (2 - 0). Let l(h) = -6*h**2 - 2*h**3 + h**2 + 0*h**u + 3*h**3 - 7 - 3*h. Determine l(6).
11
Let c(d) be the third derivative of d**6/720 - d**5/40 + 11*d**4/24 + 10*d**2. Let m(k) be the second derivative of c(k). Let o = 51 - 54. Give m(o).
-6
Let y(q) = -4*q**2 - 1. Let j be (2 - 85/20)*4. Let l = 12 + j. Suppose 4*i = l*i - 1. What is y(i)?
-5
Let b(o) = -5*o**2 - 172*o + 233. Let s(j) = -3*j**2 - 111*j + 156. Let n(h) = -5*b(h) + 8*s(h). Give n(23).
-32
Let b(p) = -11*p**2 - 6*p + 272. Let w(m) = -4*m**2 - 2*m + 101. Let z(l) = 3*b(l) - 8*w(l). Calculate z(-6).
-16
Let h(q) = -6*q - 3. Let d(m) = -48 - 6*m + 26 + 19 + m. Let y(p) = p**3 + 7*p**2 + 8*p + 9. Let z be y(-6). Let w(x) = z*h(x) + 4*d(x). Determine w(5).
-13
Suppose -6 = 14*j - 34. Let d(b) = -3*b**3 + 7*b**j + 62 + b**3 + 53 + b**3 - 107. Determine d(7).
8
Let q(n) = -n**2 + 12*n - 7. Suppose -783*p - 292 = -856*p. Determine q(p).
25
Let y(f) = 3*f - 8. Let o(h) = -3*h + 8. Let p(d) = -5*o(d) - 6*y(d). Let s = 20513 + -20508. Determine p(s).
-7
Let t = -80 - -84. Let u(y) = 6 - t*y + y - 2*y. Suppose 4*h + 7 - 23 = 0. What is u(h)?
-14
Let z(u) = u**3 - u**2 - 1. Let t(l) = 6*l**3 - 12*l**2. Let i(x) = t(x) - 5*z(x). Let a = 11 - 4. Calculate i(a).
5
Let o(d) = -d**2 - 13*d - 1. Suppose v = -5*c - 11, 5*v - 138*c = -134*c - 26. Give o(v).
41
Let t(d) = 4 + 297*d - 6 - 298*d. Calculate t(-4).
2
Suppose 3*j = 6 - 0. Suppose j*w + 3 = -1. Let x(p) be the second derivative of p**4/12 - p**3/2 - p**2 - p + 171. Calculate x(w).
8
Let r(y) be the second derivative of -3*y**4/4 + 6*y. Suppose 18 = 2*b, 10 = 24*f - 23*f + b. What is r(f)?
-9
Let n(j) = 48739*j + 1 + 0 + j**2 - 48735*j. Let u(k) = k**3 - 6*k**2 + 2. Let p be u(6). Suppose 0 = 2*s - 5*i + 1, p*s + 5*i + 2 = 3*s. Determine n(s).
-2
Let c(n) be the first derivative of n**5/60 - 7*n**4/12 + 19*n**3/6 - 3*n**2/2 - 12*n + 70. Let r(w) be the second derivative of c(w). Calculate r(13).
6
Let l(d) = d**3 - 5*d**2 - d - 1. Let b be l(5). Suppose -3*h + 0*o - o + 68 = 0, 2*h - 2*o = 40. Let k(q) = -47 + 30 - 4*q - q**2 + h. Calculate k(b).
-7
Suppose 143*k = 134*k + 9. Let c(o) = -5*o**2 - o. Let m be c(k). Let h(u) = u**3 + 7*u**2 + 8*u - 1. Determine h(m).
-13
Suppose -22*f + 44*f + 72 = 30*f. Let c(j) = -j**3 + 15*j**2 - 57*j + 29. Calculate c(f).
2
Suppose 0 = -o - 2*h + 10, 10 = -5*o - 0*o + 5*h. Let c(g) = -2*g**3 - 7*g - 20 + 4*g**2 + 18 + 5*g. Let t be c(o). Let u(b) = b**2 + 7*b + 4. Determine u(t).
-2
Let a(r) = r**3 - 2*r**2 - 2*r + 7. Let k be 370/444*(-54)/(-15). Calculate a(k).
10
Let m(l) be the third derivative of l**5/60 + 3*l**4/8 + l**3/6 - 28*l**2. Let f be m(-8). Let g(j) = -j**2 - 6*j - 10. Calculate g(f).
-17
Let a(l) = -l**3 - 22*l**2 - 60*l - 53. Let v be a(-19). Let c(f) = -4*f + f + 5*f - v*f - 11. Determine c(-8).
5
Suppose 0 = 27*h + 1 + 53. Let q(j) = -14*j**2 + 3*j + 4. Give q(h).
-58
Let j(x) = -x**3 - 5*x + 4. Let l(o) = 13*o**2 - 529*o - 162. Let t be l(41). What is j(t)?
-14
Let u = -12250 - -12243. Let w(n) = -47*n - 328. Determine w(u).
1
Let w(n) = -n**2 + 5*n + 28. Suppose 0 = -3*f + r + 137, 4*r + 27 = -3*f + 184. Suppose 0*q + 5*q - f = 2*x, 4*q - 4*x - 40 = 0. Give w(q).
-8
Suppose 24*r = -56*r + 22*r - 928. Let v(q) = -q**3 - 17*q**2 - 20*q - 14. What is v(r)?
50
Let r(j) be the third derivative of -j**5/30 + 11*j**4/24 + 4*j**3/3 - 8*j**2. Let b be r(6). Let p(y) = -6010*y + y**2 + 0*y**b + 6013*y. What is p(-4)?
4
Suppose 4*i + 48 = 3*p, -4*p + 6*p + 28 = -4*i. Let d be (-1)/3 - (-3 + 732/i). Let k(t) = 7 - d*t - 3 + 85*t. Determine k(3).
7
Let f(v) = v + 2. Let o be (-204)/85 + 2/5. Let h = o - -6. Let m be (2 - 0)*(h + -3). Give f(m).
4
Let t(q) = -7*q - 38 - 9*q - q + 10*q. What is t(-8)?
18
Let q = -32708 - -32703. Let v(t) = -t**2 - 9*t - 26. What is v(q)?
-6
Let z(h) = -h**3 + 10*h**2 + 13*h + 1. Suppose -1915 = 5*k - 10885. Let x be 4/(-54) - k/(-162). Determine z(x).
23
Suppose 5*j - 190 = -5*t, 0*t + t - 58 = -5*j. Suppose -141 = -6*a - t. Let x be (-12)/(-9)*a/4. Let v(m) = -m**2 + 8*m - 7. Calculate v(x).
5
Let z(o) = -14*o**2 + 9*o. Let f(l) = -12*l**2 + 8*l. Let j(r) = 6*f(r) - 5*z(r). Let w be j(2). Let c(u) = u**3 - 2*u + 1. Give c(w).
-3
Let t(a) = -a**3 + 12*a**2 - 7*a + 31. Let v(m) = -2*m**3 + 26*m**2 - 13*m + 62. Let i(c) = 5*t(c) - 2*v(c). Calculate i(7).
17
Let n(z) be the second derivative of 5*z**4/12 - z**3/2 - 23*z**2/2 - 13457*z. Give n(4).
45
Let h(q) be the second derivative of q**3/3 + 3*q**2 + 585*q. Calculate h(4).
14
Suppose -34*s = -33*s - 5*r + 564, -12 = 4*r. Let j = s - -576. Let g(x) = 6*x + 4 - 2*x - x. Calculate g(j).
-5
Suppose -j = -8 + 10, 2*f + 3*j = -20. Let l be 11 - (4 - 5)*f. Let a(h) = -h**3 + 6*h**2 - h - 5. Give a(l).
23
Suppose 26*m - 30 - 22 = 0. Let y be (-1 - m) + (11 + -10)*-1. Let o(r) = 2*r + 7. What is o(y)?
-1
Let s(q) be the second derivative of q**4/6 - 2*q**3/3 - 61211*q. Suppose 5*i = -0*i - 15. Determine s(i).
30
Suppose 22*w = 240 + 222. Let i(k) = k**2 - 29*k + 173. Determine i(w).
5
Let f(h) be the first derivative of -5/6*h**3 + 1/24*h**4 - 12*h**2 + 0*h + 4. Let j(p) be the second derivative of f(p). What is j(6)?
1
Let u be (10/(-5))/(2/32). Suppose 0 = -19*j + 44*j + 950. Let l = u - j. Let x(y) = -y**2 + 6*y - 6. Determine x(l).
-6
Let c(m) = 3754 + 11*m**2 - 7544 - 2*m + 2*m - m**3 + 3*m + 3768. What is c(11)?
11
Let l = 26 - 26. Suppose -5*v + 3*v + 2 = l. Let w(p) be the second derivative of p**3 + p**2/2 + 3*p. Give w(v).
7
Let x(r) be the second derivative of -r**3/2 - 59*r**2/2 + 2677*r. Calculate x(-10).
-29
Let g be (-15)/((-60)/(-32)) - -71. Suppose -5*f - g = -12*f. Let x(w) = -w**2 + 5*w + 11. Give x(f).
-25
Let f(l) = 16*l**3 + 13*l**2 + 28*l + 4. Let o(a) = a**3 + a**2 + 2*a. Let h(x) = f(x) - 12*o(x). Give h(-1).
-3
Suppose 0 = 2*q + 3*k + 2*k - 35, 2*q = 2*k. Suppose 9*r - q*s = 7*r - 17, 5*r - 5*s = -5. Let x(b) be the 